 7*a**2 + 98*a - 463. Determine d(5).
77
Let p(s) = 5059*s - 91663. Calculate p(18).
-601
Let t(c) = -7*c**3 - 10*c**2 + 35*c + 211. Give t(-6).
1153
Let r(a) = -9922*a - 149986. Calculate r(-15).
-1156
Let r(m) = -3*m**3 + 384*m**2 - 19*m + 2536. Calculate r(128).
104
Let j(t) = t**2 - 143*t - 13263. Give j(-61).
-819
Let k(n) = -n**2 - 124992*n - 874896. Give k(-7).
-1
Let x(r) = 2816*r - 253451. Calculate x(90).
-11
Let w(q) = 537*q + 72022. Calculate w(-134).
64
Let d(b) = -4*b**3 + 84*b**2 - 166*b + 246. Give d(19).
-20
Let p(f) = -1632*f - 29463. What is p(-18)?
-87
Let x(c) = -c**3 - 13*c**2 - 727*c - 12410. Determine x(-16).
-10
Let o(t) = -t**3 + 7*t**2 + 2*t - 151. What is o(11)?
-613
Let z(x) = 4*x**3 + 396*x**2 + 171*x + 16920. Give z(-99).
-9
Let o(f) = -638*f - 1909. Calculate o(-3).
5
Let u(h) = 47*h + 2115. What is u(-66)?
-987
Let z(t) = 9*t**2 - 107*t - 81. Determine z(0).
-81
Let i(t) = -11295*t + 191044. Determine i(17).
-971
Let s(c) = -c**2 - 978*c + 35451. What is s(-1013)?
-4
Let v(b) = -3101*b + 217021. Determine v(70).
-49
Let w(b) = 26*b**3 - 5*b**2 + 4665*b - 9329. Calculate w(2).
189
Let w(j) = 451*j + 81837. Give w(-179).
1108
Let k(s) = s**3 + 92*s**2 + 508*s + 13293. Give k(-88).
-435
Let o(q) = -1826*q - 8200. Calculate o(-4).
-896
Let w(p) = 13*p**2 - 1484*p + 10448. Give w(7).
697
Let l(t) = -17124*t + 1575438. Give l(92).
30
Let i(s) = 1565*s + 162752. What is i(-104)?
-8
Let i(n) = -4737*n - 4196990. Give i(-886).
-8
Let g(f) = -127*f**2 + 387*f + 388. Give g(-1).
-126
Let o(n) = -21*n**2 - 3650*n + 14913. Calculate o(4).
-23
Let n(d) = -d**2 + 3356*d + 1268768. What is n(-343)?
11
Let b(d) = -3*d**2 + 22*d - 73. Give b(16).
-489
Let y(z) = 50*z**2 - 1971*z + 19414. Calculate y(20).
-6
Let c(r) = -41*r - 1613. What is c(-40)?
27
Let q(u) = -538*u + 11343. Give q(21).
45
Let k(a) = -5724*a + 1408100. What is k(246)?
-4
Let x(s) = 33025*s - 132099. Give x(4).
1
Let u(i) = -178*i + 913. What is u(7)?
-333
Let v(y) = -y**3 + 294*y**2 + 260*y + 10420. Determine v(295).
95
Let n(o) = -67839*o - 542707. Determine n(-8).
5
Let h(x) = x**3 - 117*x**2 - 317*x + 23476. Calculate h(118).
-6
Let w(r) = r**3 - 563*r**2 - 44309*r + 68. What is w(-70)?
-2
Let k(n) = 1441*n - 1951. Calculate k(1).
-510
Let x(t) = 3*t**3 - 71*t**2 - 891*t + 47. Determine x(-12).
-4669
Let g(v) = v**2 + 33*v - 3118. Calculate g(42).
32
Let g(o) = -2*o**2 + 6849*o - 277443. Determine g(41).
4
Let l(a) = -864902*a - 2594672. What is l(-3)?
34
Let q(c) = 10*c**3 - 258*c**2 - 64*c + 96. Determine q(26).
-216
Let s(y) = -308*y**2 + 3981*y + 274. What is s(13)?
-25
Let q(n) = 219*n - 3175. Calculate q(16).
329
Let m(f) = -1163*f - 135755. Calculate m(-114).
-3173
Let w(s) = -9*s**3 + 489*s**2 - 167*s + 362. What is w(54)?
92
Let z(l) = 40089*l + 481170. What is z(-12)?
102
Let h(f) = f**3 + 25*f**2 + 78*f + 2527. What is h(-25)?
577
Let b(j) = j**2 - 602*j + 78624. Give b(411).
123
Let s(z) = -645*z + 3114. Calculate s(7).
-1401
Let n(f) = -f**2 + 2640*f + 177973. Give n(-66).
-623
Let c(m) = -m**3 + 179*m + 1081. Give c(-8).
161
Let d(t) = 5*t**3 + 40*t**2 + 14*t + 115. Determine d(-8).
3
Let g(y) = -6134*y**2 - 49078*y - 32. Determine g(-8).
16
Let l(n) = -3550*n - 1689795. Give l(-476).
5
Let w(a) = 1026*a - 16356. What is w(16)?
60
Let t(x) = -483*x + 29951. Calculate t(62).
5
Let p(u) = -7522*u + 76561. Give p(10).
1341
Let m(g) = 22403*g - 1837049. Determine m(82).
-3
Let o(u) = -u - 26. What is o(-147)?
121
Let y(d) = -40959*d + 450567. What is y(11)?
18
Let v(w) = -w**2 + 200059*w - 7800770. Calculate v(39).
10
Let x(j) = -20*j**2 - 1504*j + 13003. Calculate x(-83).
55
Let d(y) = 1474*y + 287230. Give d(-195).
-200
Let x(k) = -6*k**3 + 856*k**2 - 553*k - 2136. Calculate x(142).
-6
Let y(w) = -2*w**3 - 1393*w**2 - 6243*w - 10371. Give y(-692).
9
Let n(u) = -21*u**2 - 10152*u + 40603. Calculate n(4).
-341
Let p(a) = 179213*a - 717173. Calculate p(4).
-321
Let g(l) = 6*l**3 - 683*l**2 - 121*l + 238. What is g(114)?
-560
Let c(q) = 1658869*q + 23224144. Give c(-14).
-22
Let q(j) = -13*j**3 + 79*j**2 + 228*j - 1417. Give q(6).
-13
Let a(k) = -3962*k + 154583. Determine a(39).
65
Let s(x) = -x**3 - 3*x**2 + 15*x + 72. Calculate s(-5).
47
Let j(a) = -61*a**2 + 8669*a + 7716. Give j(143).
-6
Let n(c) = 28702*c + 717498. Determine n(-25).
-52
Let j(x) = -4108*x + 973552. What is j(237)?
-44
Let w(m) = -3270*m + 219088. What is w(67)?
-2
Let n(o) = 6*o**2 + 5566*o + 604720. What is n(-802)?
12
Let v(j) = -j**3 + 389*j**2 + 397121*j + 5114. What is v(-465)?
-1
Let m(k) = 2*k**3 + 478*k**2 - 496*k - 3628. Give m(-240).
212
Let z(s) = -2*s**3 - 16*s**2 + 160*s + 396. What is z(-13)?
6
Let t(i) = -i**3 + 15*i**2 + 181*i - 2638. Give t(16).
2
Let s(m) = 30047*m + 180276. Determine s(-6).
-6
Let h(v) = 4*v**2 + 132*v - 2849. Determine h(15).
31
Let u(c) = 5321*c - 53224. Determine u(10).
-14
Let r(h) = -29*h**3 + 2807*h**2 + 566*h + 1536. Give r(97).
-16
Let y(u) = -7*u**3 + 66*u**2 - 131*u - 162. Calculate y(5).
-42
Let t(d) = 3883*d + 3692696. Determine t(-951).
-37
Let r(p) = 261*p**2 + 3076*p - 81. Determine r(-10).
-4741
Let x(f) = -6771*f - 1611490. Determine x(-238).
8
Let l(p) = -p**3 - 63*p**2 - 397*p + 576. Determine l(-8).
232
Let g(l) = l**2 - 240*l + 14198. What is g(106)?
-6
Let o(k) = -2*k**2 - 350*k + 374. Determine o(-182).
-2174
Let l(j) = -8*j**3 + 23*j**2 - 37*j - 379. Give l(-5).
1381
Let i(v) = 275146*v - 24488004. What is i(89)?
-10
Let v(b) = -b**3 + 25*b**2 + 167*b + 364. Give v(31).
-225
Let d(r) = 17*r**2 - 182*r - 3163. Calculate d(20).
-3
Let q(f) = -255*f**2 + 1465*f + 447. Give q(6).
57
Let o(q) = -4*q**2 + 404*q + 374. Determine o(93).
3350
Let n(i) = -i**3 - 108*i**2 - 845*i - 34011. Determine n(-103).
-21
Let k(m) = 4*m**2 + 957*m + 2251. What is k(-235)?
-1744
Let q(l) = 2*l**3 - 26*l**2 - 11604*l - 1329. Determine q(83).
-1
Let d(j) = 5*j**2 - 625*j - 1450. Determine d(128).
470
Let w(j) = -7*j**3 + 80*j**2 - 191*j + 54. Determine w(9).
-288
Let y(c) = 3279*c - 4410205. Calculate y(1345).
50
Let n(o) = -o**2 + 106*o - 1277. Calculate n(35).
1208
Let h(b) = -361*b - 43549. Give h(-119).
-590
Let f(t) = 11083*t + 32821. What is f(-3)?
-428
Let j(l) = -15*l**2 - 100*l + 2771. Determine j(19).
-4544
Let u(a) = 29103*a - 145535. Calculate u(5).
-20
Let b(m) = -158*m - 54497. Calculate b(-345).
13
Let k(g) = g**3 - 3139*g**2 - 175667*g + 68. Give k(-55).
-97
Let u(t) = -2*t**3 - 28*t**2 - 7*t - 43. Give u(-14).
55
Let z(f) = -5*f**2 + 4269*f - 888039. Determine z(495).
-9
Let x(p) = 560*p**2 - 3680*p - 1671. What is x(7)?
9
Let d(q) = 14565*q + 101890. Calculate d(-7).
-65
Let j(f) = -457840*f - 915842. Calculate j(-2).
-162
Let g(v) = -4*v**2 - 239*v - 1241. Give g(-60).
-1301
Let f(s) = -s**3 + 459*s**2 + 608*s + 144751. Calculate f(461).
-3
Let w(q) = -26*q**3 - 651*q**2 - 72*q - 823. Calculate w(-25).
352
Let r(p) = 78*p**2 - 3556*p - 1498. Give r(46).
-26
Let b(n) = 1497*n - 25318. Determine b(17).
131
Let f(s) = -59*s**2 + 4623*s + 23095. Give f(-5).
-1495
Let r(k) = -351*k + 12338. Determine r(35).
53
Let i(t) = 310872*t - 1554370. Give i(5).
-10
Let c(d) = -d**2 - 1735*d - 5193. Give c(-3).
3
Let o(k) = 2*k**2 - 2996*k + 91499. Calculate o(31).
545
Let t(j) = -40822*j + 2367656. Determine t(58).
-20
Let y(o) = 1386*o - 7041. Give y(5).
-111
Let d(k) = -3*k**3 + 240*k**2 - 98*k + 7780. Determine d(80).
-60
Let k(m) = 148*m - 34585. Give k(223).
-1581
Let k(v) = -2*v**3 + 21*v**2 + 31*v + 58. Determine k(13).
-384
Let u(q) = -165*q - 1665. What is u(-14)?
645
Let v(t) = 34*t**2 + 193*t + 135. Calculate v(-5).
20
Let r(q) = 2233*q - 64674. Calculate r(29).
83
Let n(p) = -p**3 + 203*p**2 + 2475*p - 25901. Give n(214).
-7
Let s(k) = -807*k - 369609. Give s(-458).
-3
Let h(l) = 1905*l - 41688. Determine h(22).
222
Let w(o) = 2*o**3 + 57*o**2 + 2178*o + 28457. Give w(-16).
9
Let l(w) = 28139*w + 534612. Determine l(-19).
-29
Let i(g) = g**3 - 98*g**2 + 2358*g + 386. What is i(55)?
1
Let f(k) = 15159*k + 666853. Determine f(-44).
-143
Let y(b) = -5*b**3 - 237*b**2 + 248*b - 8. Determine y(1).
-2
Let x(s) = -2*s**2 - 2425*s - 728544. Determine x(-663).
93
Let n(j) = -2*j**2 + 268*j - 11278. Determine n(48).
-3022
Let v(h) 